nits digit of l?
9
Let d = -108 - -108. What is the hundreds digit of (d + -1 + 86)/(18/36)?
1
Let p(j) = 3*j + 9. Suppose 0 = -4*a + 4. Let l be a/7*(2 - 8)*-7. What is the units digit of p(l)?
7
Suppose -48 = 16*m - 20*m. Suppose m*b - 2032 = -508. What is the hundreds digit of b?
1
Suppose -2*q - 16*s + 11704 = -12*s, 2*s = 12. What is the tens digit of q?
4
Let f be (-1 + (-1)/(-3))/(2/(-15)). Let t(l) = 38*l + 14. Let j(d) = 77*d + 28. Let h(v) = f*t(v) - 3*j(v). What is the units digit of h(-2)?
8
Suppose 41*l = 39*l + 4890. What is the tens digit of l?
4
Let i(g) = -g**3 + 13*g**2 - 10*g + 20. Suppose -6*d = 2*d - 64. What is the units digit of i(d)?
0
Let v be (-10686)/(-12) - 2/4. Let h = -75 + v. Suppose 321 = 2*s + x, 5*s = 2*x - 7*x + h. What is the hundreds digit of s?
1
Let i(v) = -v**3 + 9*v**2 - 20*v + 3. Let w be i(5). Suppose -o + t + 217 = 0, -865 = -w*o - o + t. What is the units digit of o?
6
Let u be (-7)/((-56)/(-6)) + 283/4. Let z = u + -65. Suppose 4*j + g = z*g + 1236, 5*j - g = 1533. What is the tens digit of j?
0
Suppose 27*n - 662465 = 217546. What is the units digit of n?
3
Let l(r) = r + 6. Let f be l(7). Suppose 0 = 12*m - 1440 - 60. Let o = f + m. What is the units digit of o?
8
Suppose 323*g - 778922 - 1685891 = 0. What is the tens digit of g?
3
Suppose -8 = -z - 5*i, -4*z + 4 = 4*i - 12. Suppose 91 = 2*u - z*m - 31, 59 = u - 2*m. What is the tens digit of u?
6
Suppose 150181 + 82943 = 20*y + 50564. What is the tens digit of y?
2
Suppose 8*o = 6*o - 5*u + 5844, 5*u + 14680 = 5*o. Suppose -2*d - o = -4*i, 0 = -2*i - 0*i + 7*d + 1466. What is the tens digit of i?
3
What is the thousands digit of (-1 - 3) + -23 + 4980?
4
Let m(s) = -2834*s**3 + 7*s**2 - 102*s - 316. What is the ten thousands digit of m(-3)?
7
Let x be 2/(-12) - (-13)/6. Let o be 4*2 - (x - 2 - 2). Suppose -o*v - 122 = -12*v. What is the tens digit of v?
6
Let w(s) = -6*s**2 - 17*s + 18. Let f be w(-10). What is the hundreds digit of 6/(-4) - 25/10 - f?
4
Let h = -61 - -66. Suppose -2*p = -0*p + 3*r - 158, 0 = -p - h*r + 65. What is the units digit of p?
5
Suppose m = -4*i + 1 + 2, 5*i - 6 = -2*m. Suppose -1000 = -5*h - 2*s, -5*h + 985 = 2*s - m*s. What is the units digit of h?
8
Suppose -41*n + 106995 = -6*n. What is the hundreds digit of n?
0
Suppose -x + v + 2*v + 2358 = 0, -2*x + 4724 = -2*v. What is the hundreds digit of x?
3
Let h = 11674 + 599. What is the ten thousands digit of h?
1
Suppose -61*a + 65*a - 15248 = 0. Let w = a - 2153. What is the thousands digit of w?
1
Let t(z) = -z**3 + z**2 - 3*z + 4. Let r be t(0). Suppose -r*w + 5*i - 8*i = -3463, 3457 = 4*w + 5*i. What is the units digit of w?
8
Suppose 631022 = 83*n + 89*n + 102*n. What is the thousands digit of n?
2
Suppose -2*q - 13 = 4*v - 37, 0 = -4*q - 4*v + 32. Suppose f - 1283 = -4*w + 1598, 0 = -2*w + q*f + 1418. What is the hundreds digit of w?
7
Suppose 2*g = 5*p + 5, 23 = 5*g - 0*p - 2*p. Suppose 5*y = -g*o + 1225, 2*o = 3*o - 5. What is the tens digit of y?
4
Let x(d) = 2*d**2 - 30*d + 34. Let b(w) = 17*w + 37. Let g be b(-5). Let c = 67 + g. What is the tens digit of x(c)?
8
Let k = 65 + -63. Suppose -1400 = -k*a + m - 370, a - 506 = 5*m. Suppose 20*s = 16*s + a. What is the units digit of s?
9
Let s(m) = 21*m - 85. Let p be s(7). Let r = -52 + p. What is the tens digit of r?
1
Let j = -7 + 5433. What is the thousands digit of j?
5
Let m(c) = -2*c**3 + 35*c**2 + 11*c - 18. Let g be m(17). Suppose -4*r + 3*l = -2096, -r + 5*l + g = -83. What is the hundreds digit of r?
5
Let t be (2*(-10)/(-12))/(9/27). Suppose -951 = -t*n - 3*b + 339, 2*n - 5*b = 547. What is the tens digit of n?
6
Let i(n) = 74*n - 22. Let b be i(-10). Let f = 1578 + b. What is the tens digit of f?
1
Let c(t) = 2616*t**2 - 25*t - 25. What is the thousands digit of c(-2)?
0
Let d(k) be the third derivative of k**6/120 - k**5/60 - k**4/24 + 5*k**3/3 - 43*k**2. What is the tens digit of d(7)?
9
Let g(x) = 374*x**2 + 379*x + 4623. What is the tens digit of g(-13)?
0
Let r be -2 - (3 + -3)/(-2). Let m be 4 + 16/4 + 6/r. Suppose -y = -4*g - 3*y + 390, -m = 5*y. What is the units digit of g?
8
Let i(s) = 37 - 46 + 37 - 17*s + 19*s**2. What is the tens digit of i(7)?
4
Let j = 714 - -2826. What is the thousands digit of j?
3
Let k = -26729 - -37536. What is the hundreds digit of k?
8
Suppose d = -b - 7, b - 3 - 2 = -4*d. Let i(p) = p**3 + 13*p**2 - 31*p - 39. What is the tens digit of i(b)?
4
Let m = 91880 + -53214. What is the units digit of m?
6
Suppose -3*k + 5*m - 4*m = -773, -4*m - 8 = 0. Let p = 427 - k. What is the hundreds digit of p?
1
Let r = -156 - -41. What is the units digit of (r/15 - -7) + 1546/6?
7
Let b(j) = 9*j**2 - 71*j + 261. What is the ten thousands digit of b(40)?
1
Let m(g) = -6*g**2 - g + 1. Let r be m(1). Let o be r - -2 - (-62)/2. Suppose l = 4, 0*c - 5*l + o = c. What is the units digit of c?
7
Let s(l) = 14*l - 6. Let k be s(7). Let m be (-66)/11*k/6. Let n = 56 - m. What is the units digit of n?
8
Suppose -o = -0*u - 5*u + 246468, -o = -3*u + 147880. What is the units digit of u?
4
Let w(v) = -v**3 - 3*v**2 + 5*v + 2. Let i be w(-4). Suppose 3*x + 24 = 9*x. What is the hundreds digit of 309/i*x/(-6)?
1
Suppose 3*l - 206 = -4*m + 3*m, 5*m - 10 = 0. Suppose -4*n + 67 = 2*q - 3, -4*q = 4*n - l. Suppose -2080 = n*g - 7012. What is the units digit of g?
4
Let y = 68 - 49. Suppose 0 = -u + 3, y*k - u + 1399 = 21*k. What is the hundreds digit of k?
6
Let o be ((-32)/(-80))/(-1 + 16/15). Let s(p) = 5*p**3 + 2*p**2 + 38*p - 179. What is the tens digit of s(o)?
0
Let o(s) = 6*s**2 + 11*s + 4. What is the units digit of o(8)?
6
Let i = -2824 - -3989. Suppose 1061*q = 1062*q - i. What is the hundreds digit of q?
1
Let z = 80691 - 31468. What is the ten thousands digit of z?
4
Let c(n) = 123*n + 1181. What is the tens digit of c(47)?
6
Let j = 151 + -86. Let o be (702/j)/((-2)/(-10)). Suppose -3*i - o + 390 = 0. What is the hundreds digit of i?
1
Suppose 0 = -109*b + 144*b - 677600. What is the hundreds digit of b?
3
Suppose -3*p - 4*x + 41 = 0, 5*p + x - 151 + 77 = 0. Let s(t) = -9*t + 3*t - 2*t**2 - 9 + 3*t**2. What is the hundreds digit of s(p)?
1
What is the tens digit of (-4202396)/(-352) + (-6)/(-16)?
3
Suppose -310*c - 258 = -316*c. Suppose 13028 = 35*b + c. What is the hundreds digit of b?
3
Suppose 10*z = -34*z + 176. Suppose -504 - 459 = -r + z*t, 3*r - 5*t - 2854 = 0. What is the units digit of r?
3
Suppose 0 = -d + 4, 129*k + 5*d = 127*k + 68702. What is the hundreds digit of k?
3
Let w = -75 - 21. Let h be w + 5 + (3 - 0). Let s = h - -157. What is the units digit of s?
9
Suppose 3*i - 4*w - 14338 = 0, -i + 0*w = -2*w - 4776. What is the tens digit of i?
8
Suppose -q + 570 = 9*q. What is the units digit of (19/(q/(-18)))/(4/(-510))?
5
Let a(x) = 2*x**2 + 11*x + 6. Let d be a(-9). Let r = d - 65. Suppose 5*u = -r*u + 27. What is the units digit of u?
3
Suppose -4*b + 136 = 4*n, 6 = 2*n + 2. Let g = -23 + b. Suppose -g*j = -7*j + 5*t - 108, -3*t - 301 = -5*j. What is the tens digit of j?
5
Let t(u) = u**2 + 10*u - 12. Let y be t(-11). What is the units digit of y + 6732/21 - 4/7?
9
Let l = -24 + 26. Let m(t) = t**2 + t + 79. Let r be m(0). Suppose 0 = -3*v - 3*n + 87, 3*n + l*n + r = 3*v. What is the tens digit of v?
2
Let u = 13 - 16. Let n be (-231)/u - -6*3/(-6). Let s = -25 + n. What is the units digit of s?
9
Let j(l) = 6772*l + 1625. What is the ten thousands digit of j(3)?
2
Let m be 2114/3 + 4/(-6). Let o = m + -152. Suppose 0 = -4*t + 2*k + o, -5*t + 2*t = 4*k - 414. What is the units digit of t?
8
Suppose -6*j = 3*j - 6318. Let o = 26 + j. Suppose 5*c + 5*h - o - 92 = 0, -5*c = h - 812. What is the hundreds digit of c?
1
Let l(u) = 3387*u**2 + 207*u - 797. What is the units digit of l(4)?
3
Suppose 3*s + 73*s = -16*s + 1145216. What is the units digit of s?
8
Let v(z) = -5 - 34*z + 137*z + 18*z. What is the hundreds digit of v(1)?
1
Let x(d) = d**3 - 19 - 11 + 20 - 6*d**2 + 7*d. Let m be x(5). Suppose 0 = n - 5*v - 81, m = n + v + v - 53. What is the units digit of n?
1
Let r(u) = 3*u**3 - 5*u - 2*u**3 - 2*u**2 - 10*u**2 + 30. Let h(s) = s**3 - 11*s**2 + 11*s + 3. Let l be h(10). What is the tens digit of r(l)?
3
Let j = -4734 - -7560. What is the tens digit of j?
2
Le